2*l = -1959677 + 162335. What is the hundreds digit of l?
6
Suppose 4*g + 4*g = 1608. Let q = g + 78. What is the units digit of q?
9
Let a = -17 + 16. Let z(x) = -1312*x + 60. What is the units digit of z(a)?
2
Suppose -3*v + 7412 = -2*h, 5*v = 5*h - 2222 + 14582. What is the thousands digit of v?
2
Suppose 0 = 4*p - 86*z + 82*z + 148, -3*z = 12. Let f = 3 - 4. What is the tens digit of 153/(-34)*(p + f)?
8
Suppose 5*j + 71 = 91. Suppose -4*o = 5*y + 288, 2*y + 288 = -j*o - y. Let q = o - -94. What is the units digit of q?
2
Let j = 1767 + -1079. Let c = 1260 - j. What is the tens digit of c?
7
Suppose -249695 - 158756 + 98515 = -16*z. What is the units digit of z?
1
Let u = -44 - -56. Suppose 12 = 4*f - u. What is the tens digit of f/21 + ((-1149)/(-21) - -4)?
5
Let c = -254 + 248. Let d(i) = -9*i**3 - 12*i**2 - 7*i + 15. What is the thousands digit of d(c)?
1
Suppose -4*a = -2*t + 5*t - 11, 5*t = -2*a + 23. Let i(g) = 8*g - 3. Let h(v) = -4*v + 1. Let c(k) = t*h(k) + 2*i(k). What is the units digit of c(-10)?
9
Suppose -3*x + 1479 = -0*x + 3*u, -x - 3*u = -503. Let v = x - 2. What is the units digit of v?
6
Let n be (-62)/8*-1*4. Let g(z) = -z**3 - 9*z**2 + 2*z + 3. Let y be g(-9). Let k = n + y. What is the tens digit of k?
1
What is the units digit of 2000474/1127 - (-3)/(-69)?
5
Suppose 0 = -6*u + u + 10. Suppose -1113 = -4*h - 0*n + n, 4*h = -u*n + 1110. Let j = h + -182. What is the units digit of j?
6
Suppose 360820 = 4*b - 4*x, 4*b = 28*x - 33*x + 360838. What is the tens digit of b?
0
Let n = -76 + 55. What is the units digit of -74*(-6)/n*(-11 - -4)?
8
Let q(o) = -4*o**2 + 5*o**2 + 16*o - 22 + 38. What is the hundreds digit of q(-21)?
1
Suppose 3*r - 5*r + 86 = 0. Let q = 443 - 312. Let n = q - r. What is the tens digit of n?
8
Suppose -7*j = -11*j + 2*w + 34, 0 = 5*j + 5*w - 5. Let a(t) = 2*t**3 - 6*t**2 + 3*t + 7. What is the hundreds digit of a(j)?
2
Suppose -944 = 4*w + 2*a, -13*w + 17*w + 940 = -3*a. Let x = w + 673. What is the hundreds digit of x?
4
Let n = 124 + -177. What is the tens digit of (n/1)/((-37)/296)?
2
Let g = 16 + -14. Suppose -2*q + 0*h - 3*h = -45, -g*q - 4*h = -46. Suppose 25 = r - q. What is the units digit of r?
6
Let j(q) = 406*q**2 - 5*q + 2. Let r(u) = 406*u**2 - 5*u. Let v(p) = -2*j(p) + 3*r(p). What is the hundreds digit of v(-1)?
4
Suppose -2*i + 10 = 0, -245*f - 102919 = -248*f + i. What is the ten thousands digit of f?
3
Let w = 554 - 550. Suppose -2*x = -0*x - 3*u - 890, -w*u = -3*x + 1337. What is the tens digit of x?
5
Let w = 795 - 790. What is the tens digit of 5 - (7 - w) - 1785/(-5)?
6
Let x be (306/(-15))/((-10)/(-25)). Let t = 348 - x. What is the tens digit of t?
9
Let v be (6/((-18)/(-15)) - -771) + 6. Suppose f + 4*z - 806 = 0, -13*f + 2*z = -12*f - v. What is the hundreds digit of f?
7
Let z(u) = -u**3 - 19*u**2 + 25*u - 24. Let y(r) = r - 19. Let m be y(-2). What is the hundreds digit of z(m)?
3
Let w be 5*((-4385)/150 + (-3)/18). Suppose -6 - 6 = 3*d, -1000 = -3*r + d. Let x = r + w. What is the hundreds digit of x?
1
Let h = 3397 + 8093. What is the units digit of h?
0
Let h = 472 + -567. What is the thousands digit of (-119263)/h - (3 - 18/5)?
1
Let v = 182 + -179. What is the units digit of (-1)/(-3) - 7456/(-24) - v?
8
Let q = -809 + 1959. Suppose -31*i + q = -26*i. What is the tens digit of i?
3
Suppose -28864 = -1798*b + 1795*b - 5*k, -b + 4*k + 9610 = 0. What is the units digit of b?
8
Let s(y) = 36*y + 3. Let i(j) = j + 11. Let w be i(-19). Let f be s(w). What is the tens digit of (0 - (-3)/(-9))*f?
9
Suppose -5*q + 38 = 13, -4*c + 14919 = -5*q. What is the tens digit of c?
3
Let y(f) = 4*f**2 + 131*f + 123. What is the tens digit of y(-43)?
8
Let r = -38 + 42. Suppose 1096 = 4*i + 2*h, -3*i = -i + r*h - 536. What is the units digit of (i/20)/((-1)/(-10))?
8
Let o = 8 - -3. Suppose 5*n - 41 = -o. Suppose 0 = -5*w + 10, -j + w - 367 = -n*j. What is the tens digit of j?
7
Let l(j) = j**2 + 16*j - 33. Suppose -3*n + 3*v - 39 = 0, -4*n + n + 4*v = 34. Let w be l(n). Suppose -w*d + 297 = -411. What is the units digit of d?
6
Let f = 19031 - 11073. What is the tens digit of f?
5
Suppose -5*w - 37 = -2. Let r be (5 + w)/2 - 269. Let g = r + 394. What is the units digit of g?
4
What is the thousands digit of 452/(-2260)*5*-12473?
2
Let s(r) = 4*r**3 - 2*r + 2. Let l be s(1). Let v(c) = 123*c - 14. What is the units digit of v(l)?
8
Suppose 9*a - 7*a + 12 = 0. Let g be (-2)/(-12)*4 + 2608/a. Let o = -257 - g. What is the tens digit of o?
7
Let r(u) = 582*u**3 - u**2 + 2. Let d be r(1). Suppose -5*k - 5*o = 465 + 150, 3*o - d = 5*k. Let t = -20 - k. What is the tens digit of t?
9
Let u = -299 + 1897. What is the units digit of u?
8
What is the tens digit of (-19274 - 236)*(-1)/2?
5
Let w(d) = 855*d**2 + 134*d - 259. What is the hundreds digit of w(2)?
4
Let p be (-2)/15 - -6026*5/(-150). Let t = 73 - p. What is the hundreds digit of t?
2
Suppose 12356 = 2*f - 4*b, f + 5*b = 1125 + 5067. What is the tens digit of f?
8
Let p(m) = 22*m**2 - 44*m + 621. What is the thousands digit of p(31)?
0
Let b = 22005 + -9471. What is the tens digit of b?
3
Let w = 25 + 95. Let c = -108 + w. What is the tens digit of c?
1
Let w = -1 + 1. Suppose -179*s + 140864 = -38*s + 143*s. Suppose w = 5*t - 1616 + s. What is the tens digit of t?
2
Suppose 0 = -v + 5*q + 501, -4*v = -5*q - 674 - 1285. What is the units digit of v?
6
What is the hundreds digit of 3279 - (-6 - -5 - 13 - -7)?
2
Suppose h - 35346 = -3*d + 68810, 3*d - 104146 = h. What is the hundreds digit of d?
7
Let l(n) = n**3 - 10*n**2 + 12*n - 10. Let d be l(9). Suppose d*a = -0 + 51. What is the tens digit of 8/6 + (-1)/a - -205?
0
Suppose -18*g - 270 = -19*g. Suppose c = p - g, -810 = -4*p + p + 2*c. What is the units digit of p?
0
Suppose -23851*x = -23820*x - 2288296. What is the units digit of x?
6
Suppose -20*y = -10*y - 4320. Let w = -231 + y. What is the units digit of w?
1
Let c = -72 + 76. Let s(g) = c*g - 20 + 7*g - 35*g. What is the tens digit of s(-3)?
5
Suppose 2*r - 5398 = 4*i, 2*r - 4*r + 2*i = -5388. Suppose -3*b - 3*z = -3384, 3*b - 689 - r = 3*z. What is the thousands digit of b?
1
Let u = -244 - -249. What is the units digit of (5/(-2))/u*(-10)/5?
1
Let g(f) = 30*f - 7. Let m(x) = -x**2 - 13*x - 3. Let o be m(-13). Let k(d) = -d**2 - 5*d - 3. Let t be k(o). What is the tens digit of g(t)?
8
Suppose -10142 = -49*o - 1910. What is the hundreds digit of (-6)/(-14) - (-201696)/o?
2
Let m(p) = p**3 + 3*p**2 - 40*p - 1. Let x be m(-8). Suppose -l + 0*l = 0. What is the units digit of (-1 - 2) + x*(l - 169)?
6
Let r(g) = -42*g**3 - 22*g**2 - 109*g + 53. What is the thousands digit of r(-8)?
1
Suppose 3*k + 5701 = q, 0 = q + 25*k - 20*k - 5725. What is the hundreds digit of q?
7
Let p = 71344 + -37098. What is the thousands digit of p?
4
Let i be (-129238)/171 - (-1)/((-18)/4). What is the hundreds digit of (i/45)/(2/(-25))?
2
Suppose 300656 = -40*u + 192*u. What is the thousands digit of u?
1
What is the tens digit of 151248/11 - (80/88)/(-5)?
5
Let v = 110 + -110. Suppose -3*h = 4*d - 9*d - 1214, -4*d + 20 = v. What is the units digit of h?
3
Suppose -4*b = -3*v - 3205 - 5377, -2*v = -5*b + 10724. What is the tens digit of b?
4
Let d(n) = n**2 - 16*n + 42. Let r be d(13). Suppose 0 = -v + 2*s + 23, 4*s = r*v + 3*s - 49. What is the tens digit of v?
1
Let m = -69 - -73. Suppose -14*a = -m*a - 1490. Suppose d = -3*z - 36 + a, -4*z = d - 116. What is the units digit of d?
4
Suppose 5*k = -2*w - 3448, 0*w - 2*k = -w - 1715. Let m = w - -2427. What is the units digit of m?
8
Let b = 206 + -186. What is the units digit of 6175/b - (-9)/(-12)?
8
Let u = 89 + -35. Suppose -8*f + u = f. Suppose -t - 5*k = f + 3, 3*t = k + 21. What is the units digit of t?
6
Let p(g) = -g**3 + g**2 + 6*g + 1233. Suppose 87*k - 69*k = 0. What is the units digit of p(k)?
3
Suppose 5912 = 2*y - 2332. Suppose 13*j = 22*j - y. What is the units digit of j?
8
Let x(r) = -r**3 - 22*r**2 - 99*r + 46. What is the tens digit of x(-25)?
9
Let r = -269 - -324. Suppose 43*n + 9468 = r*n. What is the units digit of n?
9
Let v(w) = -350*w + 38. Let g be v(2). Let p = g + 1488. What is the hundreds digit of p?
8
Let m(j) = 13*j - 13. Let t be m(2). Suppose -t*g + 6820 =